common divisor of l and 85?
17
Let p(r) = 23*r + 17. Suppose -4 = -v - b, -v - 9 = -2*v + 4*b. Let g be p(v). What is the highest common divisor of g and 12?
12
Let y(h) = -h**2 + 13*h - 12. Let s be y(11). Calculate the greatest common divisor of 10 and s.
10
Suppose 2 - 4 = -2*p, -97 = -5*f + 3*p. Calculate the greatest common factor of f and 10.
10
Let y(l) = 2*l**2 - 2. Let u be (14*(-1)/(-1))/(-2). Let r be y(u). Calculate the greatest common divisor of r and 12.
12
Suppose -4*n = -3*f + 236, 5*f - 3*f + n = 139. Calculate the highest common factor of 24 and f.
24
Let l(n) = -n**3 - 2*n**2 + n - 1. Let p be l(-2). Let c be 3 - p/(1*-3). Suppose -c*q + q = -26. What is the greatest common divisor of q and 65?
13
Suppose 36 = 19*g - 59. Let i(a) = 2*a**2 + 3*a - 4. Let f be i(4). Calculate the greatest common factor of f and g.
5
Let m = -29 - -65. Suppose -4*o + o = -m. Let n(z) = 5*z - 3. Let y be n(3). What is the greatest common factor of y and o?
12
Let j be (3 - 1) + -2 + 21. What is the greatest common factor of 3 and j?
3
Suppose 23 + 7 = 5*k. What is the greatest common divisor of 48 and k?
6
Suppose 0 = 4*u + 1 + 15, 3*f + 3*u = -3. Let a be f*(0 - 224/(-12)). What is the highest common factor of a and 7?
7
Let i(b) = b**2 + 3*b - 1. Let f be i(-14). What is the highest common divisor of 17 and f?
17
Suppose -5*n - 52 = 23. Let b be (24/20)/(n/(-100)). Suppose -r + 0*r + 3*x = -24, 16 = r - x. Calculate the greatest common factor of b and r.
4
Let l be (-1 - (0 - 1)) + 31 + 3. What is the greatest common divisor of l and 34?
34
Suppose 4*x = -c + 15 + 16, 5*x = -c + 39. Suppose 5*q = -f + 27, -2*f = -5*q - 16 - 8. Let l = f + -5. Calculate the greatest common factor of l and x.
4
Let h be (-21)/6*(-4 - -2). Suppose g - a - h - 6 = 0, 0 = -5*a - 15. Calculate the highest common divisor of g and 10.
10
Suppose 3*m = 5*a + 536, -m - 6*a + 2*a + 207 = 0. Calculate the highest common divisor of 11 and m.
11
Suppose 149 = 4*y + 49. What is the greatest common factor of 125 and y?
25
Let t be (-24)/(-30)*(-75)/(-10). Calculate the greatest common factor of 246 and t.
6
Let j be 2876/20 + 1/5. Let c = -12 + j. Calculate the greatest common factor of c and 33.
33
Let h = -41 - -81. Calculate the greatest common factor of h and 8.
8
Let y = -17 + 10. Let p(d) = -2*d - 8. Let l be p(y). Suppose -2*v = -6, 4*o + 0*v = 3*v + 51. What is the greatest common divisor of l and o?
3
Let g(c) = -7*c + 4. Let f be g(0). Calculate the highest common divisor of f and 8.
4
Suppose -d - 30 = -6*d. Suppose 304 = 5*o - a, -5*o + 3*a + 302 = -0*o. Let l = o + -19. Calculate the greatest common divisor of l and d.
6
Let o(q) = q**2 - 8*q + 4. Let y be o(8). Let d be (-2)/4 + 34/y. Let j = 5 + d. Calculate the highest common factor of 104 and j.
13
Let p be 7 + (1 - -1)/(-2). Suppose 3*s - 76 - 122 = 0. What is the greatest common divisor of p and s?
6
Let k(l) = -48*l + 4. Let z(w) = w - 1. Let y(b) = k(b) + 5*z(b). Let a be y(-3). What is the greatest common divisor of a and 16?
16
Let i = 37 - -17. What is the highest common divisor of i and 486?
54
Suppose -2*n - 79 = -3*m + 1, -2*n = 2*m - 40. Calculate the greatest common divisor of 8 and m.
8
Let g be (-100)/(-30) + 1/(-3). Suppose f + 100 = g*f + u, f - 64 = -4*u. Calculate the greatest common factor of f and 6.
6
Let l(m) = 3*m**2 + m + 2. Let h be -3 - (0 + -2 + 2). Let b be l(h). Calculate the greatest common divisor of 13 and b.
13
Suppose 3*s - 164 = -32. What is the greatest common divisor of 110 and s?
22
Let b(v) = 21*v - 5. Let w be b(6). Suppose -4*q - o = -w, -4*q - 2*o + 126 = -0*o. What is the highest common factor of q and 87?
29
Suppose 3*o + 7 = 4*o. Let m be o - 1 - (0 + 0). What is the highest common divisor of m and 15?
3
Suppose -21 = 4*r - 65. Suppose -d - 4 = -4*p + 88, 3*d + 56 = 2*p. What is the greatest common divisor of r and p?
11
Let x be -20 - (-3 - 24/(-4)). Let g = -12 - x. Calculate the highest common factor of g and 11.
11
Let i be (-8 - -4 - -16)*(-14)/(-4). Calculate the highest common factor of i and 21.
21
Let w(u) = u**2 + 11*u - 4. Let r be w(-12). Suppose 0 = 4*n - r - 8. What is the greatest common divisor of n and 12?
4
Let h = 36 - 17. Calculate the greatest common factor of h and 76.
19
Let a(b) = b**3 - b**2 + 2*b. Let s be a(2). Let t(w) = -w + 16. Let l be t(s). Let z be ((-6)/l)/((-1)/8). What is the highest common factor of 3 and z?
3
Suppose -3 + 5 = g. Suppose g*d - 26 = -i - 2*d, -i + 21 = 3*d. Calculate the highest common divisor of 15 and i.
3
Let v = 2 - -1. Suppose -v*x + 1 = -29. Calculate the greatest common factor of 40 and x.
10
Suppose a + 1 = 4*t + 105, 5*t = a - 106. What is the greatest common factor of a and 12?
12
Let i = -4 - -8. Suppose -p = 4*u - 124, -215 = -i*u - 4*p - 79. Calculate the greatest common factor of 6 and u.
6
Let m = 13 + 1. Let g(q) = 97*q**2 + 2*q - 1. Let f be g(1). Calculate the highest common divisor of m and f.
14
Let o(f) = 6 + f + 0*f + 29. Let a be o(0). Suppose 5 = p - 0. Calculate the highest common divisor of a and p.
5
Let l be (17 + -5)/((-2)/(-4)). What is the highest common factor of l and 60?
12
Suppose 2*j + 5*j = 91. Calculate the greatest common factor of j and 104.
13
Let k(j) = -j**3 - j**2 + j + 15. Let o be k(0). Suppose -o = -2*q - q. Suppose q*v = 4 + 6. Calculate the greatest common factor of 4 and v.
2
Let g = 15 + -30. Let m = 61 - 36. Let d = m + g. Calculate the highest common factor of d and 30.
10
Suppose 0 - 6 = -r. Suppose 3*l - 302 = 5*b, 4*l - r*b - 401 = -b. What is the greatest common divisor of l and 9?
9
Suppose -5 = k - 2*k. Suppose k*q - 6 = 544. Calculate the highest common divisor of 10 and q.
10
Suppose -5*g + 77 = q, g + q - 3*q - 22 = 0. Let j(f) = -41*f**3 - 1. Let u be j(-1). What is the highest common divisor of g and u?
8
Suppose -4*y - 2*k + 3*k = -11, -8 = -4*y + 4*k. Let w = -809 + 810. What is the highest common divisor of w and y?
1
Let y be 11 - (-2)/(3 - 1). Suppose 2*k - y = -3*w, k = -0*w + w + 6. What is the greatest common divisor of 48 and k?
6
Let a(x) = -2*x**2 - 13*x - 3. Let g be a(-6). Calculate the highest common divisor of g and 3.
3
Let x = 60 + 44. What is the greatest common divisor of x and 26?
26
Let h(w) be the third derivative of 7*w**5/60 - w**4/24 - w**3/3 + 4*w**2. Let r be h(2). Suppose 60 = 4*p - r. What is the greatest common divisor of p and 3?
3
Suppose -4*u - 18 = -58. What is the highest common factor of 5 and u?
5
Suppose -i = -23 - 4. What is the highest common factor of i and 9?
9
Let s(z) = z**2 + 6*z + 1. Let j be 1 + (0 - 7)/1. Let c be s(j). What is the greatest common factor of 8 and c?
1
Suppose 2*k - 6*k = -4. What is the greatest common factor of k and 1?
1
Suppose -3 = -v - 2. Suppose 0 = -2*j + 11 + v. Calculate the greatest common divisor of j and 9.
3
Let t be (-1)/(-3 - -2 - (-2 + 2)). Calculate the greatest common divisor of t and 9.
1
Let s = -20 + 33. Let j(i) = i**3 - 13*i**2 + i - 6. Let f be j(s). Calculate the greatest common factor of f and 63.
7
Let n be -36*(76/(-12) - -5). Calculate the greatest common divisor of 16 and n.
16
Suppose -6*o + 20 = -5*o. Let x = -9 + o. What is the highest common factor of 33 and x?
11
Suppose 3*d - 19 + 7 = p, -3*p - 3*d = -12. Suppose p*k = -k + 15. Calculate the highest common factor of 150 and k.
15
Let y(p) = 8*p + 15. Let z be y(3). Calculate the highest common divisor of z and 429.
39
Let i(u) be the second derivative of 79*u**3/6 + u**2/2 - 4*u. Let q be i(1). What is the highest common divisor of q and 20?
20
Let g = 833 - 573. Let z(d) = 3*d + 32. Let m be z(-10). Suppose -7*w = -m*w - g. Calculate the highest common factor of 130 and w.
26
Let i(v) = 2*v**2 - 4*v - 3. Let h = -16 + 22. Let p be -3*(40/h)/(-4). Let y be i(p). What is the greatest common factor of y and 3?
3
Suppose 12 = -2*u - 2*u. Let o = u - -10. Let x be 2/(-9) - (-1772)/36. What is the greatest common factor of x and o?
7
Let o = 34 + -16. Let g = o + -7. Calculate the highest common factor of 99 and g.
11
Let h(y) = -9*y**2 - 5*y + 2. Let k be h(5). Let a = k - -431. Suppose -2*t + 3*d = -a, -4*d + 16 = -4. What is the greatest common divisor of 9 and t?
9
Suppose 3*f = 142 + 128. Calcula